53 = -11*l + 45. What is the remainder when l is divided by 5?
3
Let v(j) = -j + 17. Let h(o) = 2*o - 33. Let p(f) = -3*h(f) - 5*v(f). Let y be p(5). Let z = y + 3. Calculate the remainder when 33 is divided by z.
9
Suppose -2*i - 102 = -b, 6 = 3*i - 6. What is the remainder when b is divided by 16?
14
Let l(g) = -g + 60. Let w be l(12). Let c = 62 - w. Calculate the remainder when 20 is divided by c.
6
Suppose 3*l + 4*x + 33 = 0, 9 = 2*l + x + 31. Let c = l - -25. What is the remainder when 111 is divided by c?
13
Suppose -3*h + 8*h - 10 = 0. Calculate the remainder when 111 is divided by (h - -9) + (9 - 14).
3
Suppose 5*f - 12*f = -28. Suppose -5*d = -2*g - 1, -4*d + 4*g - 4 = -0*d. Suppose -13 = -2*x - d. Calculate the remainder when x is divided by f.
2
Suppose 2*c - 3*c + q = -16, 5*c + 5*q - 100 = 0. Suppose 0*l - l + 34 = 0. Suppose l = 5*u - 16. What is the remainder when c is divided by u?
8
Let s(b) = 18*b**2 - 5*b - 5. Let c be ((-2)/3)/((-22)/(-33)). What is the remainder when s(c) is divided by 10?
8
Let v = -284 - -371. What is the remainder when 260 is divided by v?
86
Let n(m) = -2274*m + 20 - m**2 + 2274*m. What is the remainder when 30 is divided by n(-4)?
2
Suppose 4*s + 3*q - 2*q - 9905 = 0, 5*q = -4*s + 9925. Let r = s + -550. Calculate the remainder when r/91 + (-2)/13 is divided by 11.
10
Let g(o) = o**2 + 8*o + 24. What is the remainder when 44 is divided by g(-7)?
10
Suppose 30 = 5*r, 5219*w = 5217*w - 4*r + 58. Let d(h) = 3*h - 3. Calculate the remainder when w is divided by d(4).
8
Let i(r) = 7*r - 25. Let a = -16 + 21. What is the remainder when a is divided by i(4)?
2
Let s be (-2 - -5) + 1 + -25. What is the remainder when s/(-14)*1002/9 is divided by 17?
14
Let s(r) = 4*r**2 - 8*r - 3. Let h = 46 - 39. Calculate the remainder when s(h) is divided by 35.
32
Let m = 196 - 48. Suppose q - 38 = -t - 13, 5*t + 100 = 4*q. Calculate the remainder when m is divided by q.
23
Let f(n) = 6*n + 4. Let k be f(3). Suppose 2*g = 2 + k. Let q = 119 + -74. What is the remainder when q is divided by g?
9
Let a = 485 - 450. What is the remainder when 129 is divided by a?
24
What is the remainder when (-17)/102 + (-1)/(-6) - -190 is divided by 23?
6
Suppose 22 = 2*n + 4*v, -n = -v - 0 + 4. What is the remainder when (-1)/(n - 8/7) is divided by 3?
1
Suppose -72 = 3*n + n. Suppose 525 = -5*j - 2*j. Let m = n - j. What is the remainder when m is divided by 15?
12
Let a = 344 - 285. What is the remainder when a is divided by 10?
9
Suppose -6*u + 16*u = 90. Calculate the remainder when 37 is divided by u.
1
Let q be (-1)/1 + (-3 - -6). Suppose -2*f + 3*r = q*r + 74, -3*r = f + 23. Let n = 29 - f. Calculate the remainder when n is divided by 17.
13
Calculate the remainder when 93 is divided by 8/32*(-2380)/(-7).
8
Let u be -7*((-20)/(-14))/(-5). Suppose -15 = -4*g + 3*r, r - 3*r + 18 = u*g. What is the remainder when 136/(-6)*(-9)/g is divided by 12?
10
Suppose -m - 344 = -2*s, 0*s = 5*s + 2*m - 860. Suppose 4*n = 132 + s. What is the remainder when n is divided by 21?
13
Let a = 27 - 15. Let l be a/20 + 891/15. Calculate the remainder when l/(-16)*(-40)/3 is divided by 13.
11
Suppose -2*f - 169 = x - 451, -2*x = -8. Calculate the remainder when f is divided by 20.
19
Let s(k) be the second derivative of -1/12*k**4 + 0 + 5/3*k**3 + 7*k**2 + 6*k. What is the remainder when 3 is divided by s(11)?
0
Let z(o) = 26*o**2 + 18*o + 27. What is the remainder when 291 is divided by z(-2)?
6
Suppose 0 = 8*c + 9*c - 221. Calculate the remainder when 115 is divided by c.
11
Suppose 52*s = 59*s - 329. What is the remainder when s is divided by 11?
3
Let s(j) = -63*j. Let y be s(-2). Let f = y - 78. Let u(h) = 4*h**2 + 8*h + 1. Calculate the remainder when f is divided by u(-3).
9
Suppose 0 = 2*g - 5*l - 134, 4*g = 3*l + 174 + 80. What is the remainder when g is divided by 15?
2
Let j(m) = m - 7. Let r be j(7). Suppose 3*o + r - 6 = 0. Suppose o*f = -5*w + 152, -3*f - 65 - 52 = -4*w. What is the remainder when w is divided by 8?
6
Let d(u) = -u**2 - 10*u + 14. Let a(s) = s**2 - 2*s + 3. Calculate the remainder when a(-4) is divided by d(-10).
13
Suppose 0 = 3*d - 17*d + 350. Calculate the remainder when 121 is divided by d.
21
Let z = 52 - -185. What is the remainder when z is divided by 20?
17
Let w = -72 - -111. Calculate the remainder when w is divided by 14.
11
Suppose -57 + 1 = -4*s + 3*t, 4*s = 5*t + 64. Let c(a) = a**3 + 11*a**2 + 6*a - 10. Calculate the remainder when c(-10) is divided by s.
8
Let l = 14 - 37. Let v = 18 - l. Suppose 3*i + 3*m = 8 + 16, 0 = 4*i - 4*m - 56. What is the remainder when v is divided by i?
8
Let m(v) = 335*v - 25. Let n(x) = 28*x - 2. Let o(d) = 3*m(d) - 35*n(d). Let f be o(4). What is the remainder when (f/(-3))/5*-3 is divided by 10?
9
Let f(a) = a**2 - 10*a + 5. Let i(r) = 7*r**2 + 4*r + 3. Let l be i(-4). Let z = l - 68. What is the remainder when z is divided by f(11)?
15
Suppose w - 24 = 2*m, 2*w - w = 3*m + 20. What is the remainder when ((-50)/6)/(3/(-45)) is divided by w?
29
Let c be 3/1*(5 - 6). Calculate the remainder when 27 is divided by (-2 + 1)*c/(-1) - -13.
7
Suppose -18*s + 392 = -1102. Calculate the remainder when s is divided by 7.
6
Let x = 24 + 5. Calculate the remainder when 1922/24 + 29/(-348) is divided by x.
22
Suppose 68 = 5*c - 187. Suppose h - 31 = 2*u - 4*u, -5 = h. What is the remainder when c is divided by u?
15
Let y(d) = d + 1. Let x be y(4). Let o(u) = 2*u + 7. What is the remainder when o(x) is divided by 60/7 + 30/70?
8
Let a(x) = -x + 38. Let k be a(7). Let r = 51 - k. Calculate the remainder when r is divided by 6.
2
Suppose 52 = -6*b + 7*b. Let f(j) = j**2 + 3*j - 4. What is the remainder when 1*b + 0*(-7)/(-28) is divided by f(-6)?
10
Let d be ((-4)/(-10) + (-161)/140)*-4. Let r(f) = 2*f**2 - 2*f - 7. Calculate the remainder when r(d) is divided by 5.
0
Suppose 229 = 4*v - 5*q, 3*v + 5*q = 59 + 69. What is the remainder when v is divided by 17?
0
Let t(c) = -c**3 - 10*c**2 - 4. Let l be t(-10). Let v = l + 27. What is the remainder when 65 is divided by v?
19
Let v(c) = -c**2 + c + 19. Let k = 17934 - 17747. What is the remainder when k is divided by v(0)?
16
Suppose 2*p - 12 = -2*p. Let g be 31*p/9*-9. Calculate the remainder when (-1 - g/9)*3 is divided by 10.
8
Let l(q) = 2*q**2 + q - 1. Let t(j) = j**2 - 3*j - 4. Let h be t(3). Suppose 48 - 34 = u. Calculate the remainder when l(h) is divided by u.
13
Suppose 5*j = -237 + 707. Calculate the remainder when j is divided by 34.
26
Let f = -132 + 248. Suppose q + 3*q - f = 0. Let n = 139 - 82. What is the remainder when n is divided by q?
28
What is the remainder when 72 is divided by (17/1 - 0) + -3 + 1?
12
Let l = 5 + -2. Let h be 2*l*4/8. Suppose -2*z = 2*j - 90, z - 7*j + h*j = 45. Calculate the remainder when z is divided by 12.
9
Suppose 45*c - 38*c - 7966 = 0. Calculate the remainder when c is divided by 67.
66
Let l = -255 + 305. What is the remainder when 192 is divided by l?
42
Let n(z) = z**2 - 2*z - 1. Let y be n(2). What is the remainder when (-2)/2*(24/(-8) + -18) is divided by 22/(-4)*(y + -1)?
10
Suppose -3*h + 16 = 4. Suppose -3*t = -h*t + 35. Calculate the remainder when t is divided by 20.
15
Let m = -7060 - -7088. Suppose 4*l + 3*z - 28 = 0, 3*z = -3*l + 20 - 2. Calculate the remainder when m is divided by l.
8
Let y(f) = -7*f + 779. What is the remainder when y(59) is divided by 41?
38
Let n(r) = 2*r**2 - 2*r + 2. Suppose 0 = 2*q - 4*f + 27 + 3, -3*q + 3*f - 39 = 0. Let w be q/2 + 5/10. What is the remainder when n(w) is divided by 16?
14
Suppose 0 = -0*r + 2*r + 196. Let a = -70 - r. Let p = 76 - -34. Calculate the remainder when p is divided by a.
26
Suppose -3*c + 89 = 5*b, 4*c - 236 = -17*b + 5*b. Let k(r) = 3*r**3 - 3*r**2 + r - 1. Calculate the remainder when b is divided by k(2).
9
Suppose -3*z + 50 = -4*n, -5*z + 108 - 36 = -n. Suppose -2*v + 11 = y, 2 - 3 = -2*v + y. Suppose -9*r = v*r - 492. What is the remainder when r is divided by z?
13
Let x(y) = -y**2 + 2*y + 4. Let t be x(2). Suppose 5*c - t + 9 = 0. Calculate the remainder when -2 - (-3 - -18)/c is divided by 5.
3
Let m(v) = v**2 - 4*v + 17. Calculate the remainder when m(-8) is divided by 19.
18
Let b be ((-22)/(-88) - (-6)/8) + 92. 